factor of g and p.
9
Suppose 4*a - 5 = -i - 23, 31 = 3*i - 5*a. Suppose 59 = i*v + 13. Suppose -3*p + 276 = -0*p. Calculate the greatest common factor of p and v.
23
Suppose -5*o = 13*x - 14*x + 166, -166 = -x - 3*o. What is the highest common factor of 913 and x?
83
Let d(h) = h**2 - 10*h. Let x be d(10). Suppose 13*c - 221 - 208 = x. Calculate the highest common divisor of 22 and c.
11
Suppose -o + 2*y = -206, -18*y = 5*o - 22*y - 1006. Suppose -z + 0*z + 18 = 0. What is the highest common factor of z and o?
18
Let a(m) = -3 - 9*m - 13*m**3 + 4 + 6*m**2 + 12*m**3 + 5*m**2. Let h be a(10). Let u = 14 - h. Calculate the greatest common factor of 1 and u.
1
Let r(t) = t**3 - 3*t**2 - 5*t - 8. Let i be r(6). Suppose 3*w - i = 4*a, 4*w = 8*w - 2*a - 100. Calculate the highest common divisor of w and 78.
26
Let j = -2283 + 2483. What is the highest common divisor of j and 450?
50
Let y be (-5370)/(-96)*4 + (-2)/(-8). Calculate the highest common factor of 42 and y.
14
Let c(o) = o**3 + 5*o**2 - 9*o - 7. Let z be c(-6). Suppose 22 = -2*d + 3*d. Suppose -d = -2*s - 0. What is the highest common factor of s and z?
11
Let i(o) be the second derivative of o**4/12 + 5*o**3/2 + 10*o**2 + 10*o. Let p be i(-14). What is the greatest common factor of p and 24?
6
Let f(v) = 56*v + 343. Let i be f(-6). Calculate the greatest common factor of 301 and i.
7
Let m = -608 - -758. What is the greatest common factor of m and 135?
15
Let o be ((-9)/(-4))/(285/152)*10. Let k(m) = m**2 + 5*m + 3. Let v be k(-6). Calculate the highest common divisor of o and v.
3
Suppose -3*x = 3*k - 159, x + 175 = -2*k + 5*k. Suppose 91*i = 101*i - 190. What is the greatest common divisor of i and k?
19
Let j(o) = 161*o - 49. Let q be j(2). What is the highest common divisor of 84 and q?
21
Let d be (-2)/(-3 + (-39)/(-33) + 2). Let j(t) = t**3 + 12*t**2 + t - 11. Let v be j(d). What is the highest common divisor of 11 and v?
11
Suppose 14*y - 7776 = -13*y. What is the greatest common divisor of y and 108?
36
Let h be (4/5)/((28/(-30))/(-7)). Let y be (h/(-9))/((-6)/81). Calculate the greatest common factor of y and 2.
1
Suppose 0 = 5*y + 3*t + 192, 4*y + 5*t = 5*y + 16. Let k = -22 - y. Let h be 172/k + 2/(-7). What is the greatest common divisor of 60 and h?
12
Let g = 154 + -37. Let b be (117/(-18))/(2/(-4)). Calculate the highest common divisor of g and b.
13
Let q be (-27 - 30)*(-4)/(3 + 1). What is the greatest common divisor of 2033 and q?
19
Let a be 4 + 1/4 + 4548/48. Calculate the greatest common divisor of 165 and a.
33
Let h(i) = i + 3. Let q be h(2). Suppose -5*t + 39 = b, 27 + 2 = 3*t - q*b. What is the greatest common divisor of t and 1?
1
Suppose 2*x + 2*g - 8 = 0, -2*x - 4*g - 38 = -4*x. What is the highest common divisor of x and 153?
9
Suppose b + 503 = 4*y, -2*y = -7*y - 3*b + 616. Let x = -1 + 51. What is the highest common factor of x and y?
25
Suppose 2*c - 9*c + 56 = 0. Suppose -j + 0*j + c = 0. What is the greatest common factor of 48 and j?
8
Let f be (-2)/4*0/(-4) + 9. Suppose 2 = -f*z + 1460. Calculate the highest common factor of 18 and z.
18
Let f(v) = -v**3 - 3*v**2 + 2869*v - 108. Let q be f(52). Let p be 0 + (39 - -1*1). Calculate the greatest common divisor of q and p.
40
Let g = -498 + 670. What is the greatest common divisor of 602 and g?
86
Let f = 589 + -570. Calculate the greatest common factor of f and 209.
19
Suppose 0 = 2*u + 3*k - 227 + 111, 5*u = -3*k + 281. Calculate the highest common divisor of 121 and u.
11
Let r = -124 + 196. Calculate the greatest common divisor of 48 and r.
24
Suppose -4*a = a - 35. Suppose -a*q + 868 + 28 = 0. What is the highest common factor of q and 16?
16
Let r(y) = -25*y**3 + 2*y**2 - 4*y - 5. Let m be r(-1). What is the greatest common factor of 598 and m?
26
Let v be -5 + 4/(24/114). What is the greatest common factor of 126 and v?
14
Let v be 2/11 - 7638/22. Let t = -67 - v. What is the highest common factor of 35 and t?
35
Let s = 20 - 42. Let u be 1639/s + 3/(-2). Let h = 163 + u. Calculate the highest common factor of 58 and h.
29
Suppose -3*k = 2*o - 9, 0 = -0*o + 5*o - 3*k - 12. Suppose o*d = 15, 2*l - 1 - 4 = -d. Let h = l - -15. Calculate the greatest common factor of 45 and h.
15
Let n = 134 - 264. Let r be ((-585)/n)/(5/(-6) + 1). Calculate the greatest common factor of r and 36.
9
Let x(c) = c**2 - 29*c - 40. Let l be x(-11). Calculate the greatest common factor of l and 25.
25
Let z(v) = v**3 + 25*v**2 - 21*v + 7. Let t be z(-25). What is the greatest common divisor of 28 and t?
28
Suppose -4*k - 35 = -g, 4 = -3*g + 1. Let u(b) = 3*b + 35. Let v be u(k). Let p = 9 + 11. Calculate the highest common factor of v and p.
4
Let i = -58 + 62. Suppose i*m = 2*c - 70, 0*m + 45 = 2*c + m. Calculate the highest common divisor of c and 275.
25
Let m = -22 + -2. Let j be (-388)/(-6) - (-16)/m. What is the highest common divisor of 8 and j?
8
Let b be (1/3)/(((-20)/(-2475))/4). What is the highest common divisor of 105 and b?
15
Suppose 0 = -156*b + 146*b + 340. Calculate the greatest common divisor of 68 and b.
34
Let p = -324 + 339. Calculate the greatest common divisor of p and 18.
3
Let c be (-6)/16 - (-105)/24. Suppose -5*m + 2 = -c*h, -h + 4 - 12 = -5*m. Calculate the greatest common factor of h and 5.
1
Suppose 5*p - 3*t - 15 = 2*t, 5*t + 9 = -p. Let l(q) = 23*q**3 - q. Let s be l(p). Calculate the highest common factor of s and 44.
22
Let y(v) be the first derivative of 15*v**3 + v**2 + 2*v - 3. Let w be y(-1). Calculate the highest common factor of w and 18.
9
Let f = -345 + 351. What is the highest common factor of f and 366?
6
Let r = 295 + -148. Let p(k) = -k**2 - 13*k - 22. Let a be p(-8). Let b = 3 + a. What is the greatest common factor of r and b?
21
Let i be (11/((-11)/(-30)))/(6/(-87)). Let d = i + 897. What is the highest common divisor of 42 and d?
42
Let v = -648 + 650. What is the greatest common factor of v and 18?
2
Let h(y) = -4*y - 34. Let i be h(-9). Let j be 4 - 1 - (i + -7). What is the greatest common factor of 1 and j?
1
Let u be (-468)/15*(287/(-21) + 7). What is the greatest common divisor of 130 and u?
26
Suppose 544*x - 541*x - 981 = 0. Calculate the highest common divisor of x and 3.
3
Let a(s) = s**2 + 4*s - 5. Let l be a(-5). Suppose 0 = -5*u + 2*v + 222, 4*u - u - v - 134 = l. Calculate the highest common divisor of 115 and u.
23
Suppose 15*n - 5397 - 8523 = 0. What is the greatest common divisor of 58 and n?
58
Let z(q) = -q**3 + 2*q. Let a be z(-2). Calculate the greatest common factor of a and 5.
1
Suppose -b = -4*m + 2*m - 12, 0 = -5*b + m + 78. Let g = -4 + b. Calculate the highest common divisor of 8 and g.
4
Let r = 339 - 329. Calculate the highest common divisor of 410 and r.
10
Let q be (1*(-4 + -2))/(-2). Let t be (8/6)/(9*(-76)/(-7695)). What is the greatest common divisor of t and q?
3
Suppose -3*h - 1 = 8, -3*g + 36 = -5*h. Let t be (-1)/g + (-426)/(-42). Calculate the greatest common divisor of 4 and t.
2
Let x(n) = 13*n**2 - 29*n - 9. Let w(i) = -3*i**2 + 7*i + 2. Let j(p) = -9*w(p) - 2*x(p). Let b be j(-5). Calculate the highest common factor of 10 and b.
10
Let x(h) be the third derivative of h**6/60 - 11*h**5/30 + 7*h**4/24 - 13*h**3/6 + 17*h**2. Let j be x(11). Calculate the highest common divisor of j and 8.
8
Suppose 2*m = -y + 24, 5*y = 2*m + 15 + 129. Suppose -5*x + 88 = y. Let h be x/(-54) + 56/9. Calculate the highest common divisor of 6 and h.
6
Let x be 2/7 - 114/(-42). Suppose 5*b + x*a = -110, -3*b + a - 52 = -0*a. Let p = 23 + b. Calculate the greatest common divisor of p and 36.
4
Let f be -1 + (-1 - 0 - -47). Let y = 31 + -26. Suppose y*u + 2*t + t = 25, 5*u - t = 25. What is the highest common divisor of f and u?
5
Let r(w) = -61*w - 41. Let m be r(-5). What is the highest common factor of m and 36?
12
Let s be 10*((-3 + 1 - 2) + 3). Let i be (8/s)/((-64)/30 + 2). What is the highest common divisor of 60 and i?
6
Suppose -9*y - 45 = -189. Let a = 133 - 37. Calculate the highest common factor of a and y.
16
Suppose -j + 2*f + 20 = 0, -j + 3*f = -5*j + 36. What is the highest common factor of j and 108?
12
Suppose 2*f = -5*q + 15, -f + 4*q - 16 = -3*f. Let o be (-3 - -73) + 0/(-1). What is the greatest common divisor of o and f?
10
Let s =